 - 4. Let k be 6*(j/4 - (-356)/48). What is the greatest common factor of 5 and k?
5
Suppose 12*s - 504 = 6*s. What is the highest common divisor of 224 and s?
28
Let x be ((-15592)/15)/(-4) + (-2)/(-15). Calculate the highest common divisor of 52 and x.
52
Suppose -4 + 16 = -3*y. Let f be (-216)/(-99) - (-3)/(66/y). Calculate the greatest common divisor of 16 and f.
2
Suppose -2*m - 32 + 704 = 0. What is the greatest common divisor of m and 48?
48
Let q be (3/(-4))/((-6)/16). Let f(u) = q + 2 + 0*u + u**2 + 10*u - 3*u. Let j be f(-8). Calculate the greatest common divisor of 36 and j.
12
Suppose 3*c - 5*n = 154, -2*n - 3*n = -20. Suppose 0 = -4*g + 346 - c. What is the highest common divisor of g and 24?
24
Suppose 0 = 2*m - 0 - 22. Suppose n - m = 3*c + 11, 4*n - 2*c - 88 = 0. Calculate the greatest common factor of 242 and n.
22
Let i = 32 + 261. Let q = 413 - i. What is the highest common divisor of q and 20?
20
Suppose -5*m - 64 = -6*m. Let d(b) = -b**2 - 14*b - 16. Let q be d(-10). Suppose 0*c = 3*c - q. What is the highest common factor of c and m?
8
Suppose x = 2*p + 12, -p = -2*x - 5*p + 40. Suppose -2*b = -x - 6. Let t = 48 - 26. What is the highest common factor of b and t?
11
Suppose -5*p + 943 - 293 = -5*t, 0 = -5*p + 2*t + 650. Calculate the highest common factor of 104 and p.
26
Let k(b) = -b**3 - 22*b**2 - 24*b - 27. Let a be k(-21). Let m be ((-576)/(-80))/((-267)/135 + 2). What is the highest common factor of a and m?
36
Let n = 213 - 202. What is the greatest common factor of n and 451?
11
Let a be (3 - (6 - 2132)) + (-36)/(-6). What is the greatest common factor of a and 70?
35
Suppose 39 = 6*v - 3*v. Suppose -h + v = 2. Suppose w + 7 = h. Calculate the greatest common divisor of w and 16.
4
Let v(f) = -12*f - 79. Let a be v(-7). Calculate the greatest common divisor of 5 and a.
5
Let m(x) = 20*x + 40. Let t(u) = 5*u + 10. Let l(j) = 2*m(j) - 9*t(j). Let g be l(-10). What is the greatest common divisor of 16 and g?
8
Suppose -4*c - 60 = -5*s, -2*c + 36 = 3*s + 3*c. Let y be -25 - (s + -3)/3. Let t = 57 + y. What is the highest common factor of 145 and t?
29
Suppose 0 = -l + 18 - 64. Let p = l + 56. Suppose 0 = -4*m - 2*a + 64, 5*m - a + 6*a = 85. What is the highest common factor of m and p?
5
Suppose -4*r - 120 = -4*t, -2*r - 66 = -3*t + 22. Calculate the highest common factor of 910 and t.
14
Let f = -6119 - -6194. Let y = -14 - -44. Calculate the greatest common factor of y and f.
15
Suppose 610 = 3*r + 2*x, 5*r - 1220 + 203 = -3*x. What is the greatest common divisor of 102 and r?
102
Suppose -1489 - 287 = -16*b. Calculate the greatest common factor of 1517 and b.
37
Let y = -71 - -71. Suppose y = p + 2*l + 21 - 108, 3*p - 5*l = 228. Let i(q) = 8*q + 3. Let g be i(3). What is the highest common divisor of p and g?
27
Let k = 420 - 43. What is the highest common divisor of 13 and k?
13
Let p(z) = z**2 - 10. Let d be p(-7). Let u be (4/1)/(52/d). Calculate the greatest common divisor of u and 15.
3
Let h be (12/36)/(2/30). Suppose 5*q - 16 - 3 = -3*l, -l = 3*q - h. Calculate the highest common factor of 36 and l.
4
Suppose v - 3*g + 10 = -14, -2*v + 2 = 4*g. Let z = 23 + v. What is the greatest common factor of z and 7?
7
Let g = 20 - -31. Let j(p) = p**2 + 5*p - 7. Let y be j(-5). Let x be (-3776)/(-112) + (0 - 2/y). What is the highest common divisor of g and x?
17
Suppose -46 = 3*k + 5*i, 90 = -4*k - k - 5*i. Let n(j) = -j**2 - 23*j - 8. Let o be n(k). What is the highest common factor of o and 14?
14
Let z be (-5 + (-13)/(-3))*-15. Let r = 70 - z. Calculate the greatest common factor of r and 12.
12
Let f be (1/2)/((-1)/(-2)). Let g be ((-2)/(10/5))/(-1). Let c = g + 4. What is the greatest common factor of f and c?
1
Let n(z) = z**2 - 13*z + 2. Let p be n(13). Suppose -5*s + 72 = -p*s. Suppose 2*x - i = 4*x - 12, 18 = 3*x - i. Calculate the highest common factor of s and x.
6
Let o(u) = -u**2 + 6*u + 2. Let x be o(3). Let j be -8*(1 - 0) + 6/2. Let g be (-2 - j)/(1/x). What is the greatest common factor of g and 11?
11
Let w = -128 - -134. Let t = -9 + 39. Calculate the greatest common factor of t and w.
6
Suppose 423 = 7*k - 172. Suppose -4*y + k + 11 = 0. Calculate the highest common factor of 8 and y.
8
Suppose 10 = 3*x + 5*w + 27, 1 = x - 5*w. Let v be 2 + 3 + (160/(-10) - -15). Let a be -3*1/v*x. Calculate the highest common divisor of 6 and a.
3
Let g(l) = l**2 + 2*l + 8. Suppose 0 = 4*b + 20, 17 = t + 4*b - 7*b. Let y be t + 2 + 4*1. Let w be g(y). Calculate the greatest common factor of w and 11.
11
Suppose 0 = -v - v - 5*g + 15, 0 = -3*v - g + 55. Let d be (-2)/8*-14 - (-78)/12. Calculate the highest common factor of v and d.
10
Suppose 3*t = -3*s + 513, s - t + 0*t - 175 = 0. Let b = s + -74. Suppose -4*k + 65 = 21. Calculate the greatest common divisor of k and b.
11
Suppose b + 3 = 14. Suppose 5*u - 5*s = -35, -5*u + 4*s - 14 - 23 = 0. Let n = -8 - u. What is the greatest common divisor of b and n?
1
Let h = -85 - -99. Let m(b) = 8*b**2 + 4*b. Let n be m(-4). What is the highest common factor of n and h?
14
Suppose -13*w = -12*w - 98. Let b = -95 + w. Calculate the greatest common divisor of 8 and b.
1
Let u be (154/21)/((-4)/6). Let b = 14 + u. Suppose 3*n + 4*x - 3*x = 77, 0 = 3*n - x - 67. Calculate the greatest common factor of n and b.
3
Let r(y) = -y**2 + y. Let b be r(1). Suppose 6*f - 84 = -b*f. Let l(j) = 5*j**2 + 5*j + 4. Let p be l(5). What is the greatest common factor of p and f?
14
Let j be 0/(4 + (2 - 5)). Suppose j*l - 5*l = -650. Suppose f + f + 2*a = l, 0 = 3*f - a - 215. Calculate the greatest common factor of f and 10.
10
Let v be 290 - -5 - 0/(5 + -6). Calculate the greatest common divisor of 531 and v.
59
Let y be 2/((-10)/(-515)) - 1. Calculate the greatest common divisor of y and 102.
102
Let w = 22 + -20. Suppose -n = 0, -w*n - 216 = -3*r + n. Calculate the greatest common factor of r and 48.
24
Let c be (-1 + -3)/((-5)/20). Let u = -35 - -66. Let v = u - c. Calculate the greatest common factor of 45 and v.
15
Suppose -8 = -l + 3*n + 298, 0 = 5*l - 3*n - 1494. What is the highest common divisor of l and 11?
11
Let v(b) = -b + 6. Let z be v(4). Suppose z*d - 4*d = -88. Let w = -24 + d. What is the greatest common factor of w and 50?
10
Let o be 3/(-6) + 14/4. Let j(l) = -27*l + 2891. Let f be j(107). Calculate the greatest common factor of f and o.
1
Suppose -4*x - 5*a = 1320, -2*x - 319 = -x + 4*a. Let p = -209 - x. What is the highest common factor of p and 84?
42
Let o(p) = -p + 5. Let t be o(0). Suppose -2*l - 137 = -3*b, -4*b + 35 = -l - 146. Calculate the greatest common divisor of t and b.
5
Suppose 0 = 540*j - 530*j - 1450. Suppose -2*k = -6*k + 232. What is the highest common factor of k and j?
29
Let k(u) = u**2 + 15*u + 42. Let a be k(-15). Suppose a = 5*j + 3*h, 2*j = 3*j + h - 8. Suppose 0*i = i - 1. Calculate the greatest common factor of j and i.
1
Suppose 0 = -2*q - q - g + 30, 5*q + g = 48. Let w = 210 - 111. What is the highest common divisor of w and q?
9
Let g(q) = 2*q**2 - 7*q - 13. Let t be g(-2). Calculate the highest common divisor of t and 117.
9
Let c = 175 - 166. Let m be -4 + (c + -2)*42/49. Let w = 25 + -15. Calculate the greatest common factor of w and m.
2
Let g be ((-131)/5 - -1)/((-6)/20). Let s(y) = -y**3 + 4*y**2 + 9*y + 4. Let j be s(5). Calculate the greatest common factor of j and g.
12
Let y be 4*(6/8 - -2). Let i be 932/5 + (-5 - 364/(-65)). What is the highest common divisor of y and i?
11
Let u = 991 - 661. What is the greatest common divisor of u and 33?
33
Let g be 70/14 + (0 - -59). What is the highest common divisor of g and 2?
2
Suppose 0*q + 1742 = 13*q. Let c = q + -121. Let p(t) = 5*t**2 + 2*t + 2. Let i be p(-5). What is the highest common factor of c and i?
13
Let i(q) = -q**3 - 4*q**2 - 6*q - 6. Let r be i(-4). Let j be 150/r - (-2)/3. Let l = -40 - -76. Calculate the highest common factor of j and l.
9
Let l(c) = -c**3 + 15*c**2 - 3*c. Suppose 0 = -11*k + 6*k + 75. Let x = k - 1. Let t be l(x). Calculate the greatest common factor of t and 22.
22
Suppose -o + 8 = -3*z, o + 0*z = -3*z + 26. Let s be o + 0/(25/5). What is the greatest common factor of 85 and s?
17
Let u(a) = a**3 + 11*a**2 + 7*a - 9. Let k be u(-9). Let q(r) 